se 9.
-1420
What is 13400 (base 5) in base 3?
1111202
312204 (base 5) to base 4
2201000
-20102 (base 4) to base 13
-31a
Convert 41 (base 6) to base 7.
34
What is 221 (base 5) in base 13?
49
2181 (base 13) to base 6
33340
-4731 (base 14) to base 4
-3001213
Convert -111101011 (base 2) to base 16.
-1eb
What is -7a8 (base 13) in base 10?
-1321
-620 (base 8) to base 4
-12100
Convert 414 (base 12) to base 15.
297
-2327 (base 8) to base 12
-873
-6615 (base 10) to base 13
-301b
Convert 1665 (base 7) to base 2.
1010101100
Convert -2084 (base 15) to base 7.
-26020
What is 1261 (base 12) in base 13?
c49
1241 (base 5) to base 3
21021
-22021120 (base 3) to base 10
-6036
What is 819 (base 10) in base 7?
2250
What is 55 (base 6) in base 3?
1022
What is 313223 (base 4) in base 13?
1811
Convert 30224 (base 6) to base 12.
2374
Convert 16b (base 14) to base 8.
443
What is cab (base 15) in base 12?
17a5
Convert 20c4 (base 15) to base 6.
52034
Convert 111221201 (base 3) to base 13.
4825
What is 47486 (base 9) in base 8?
76005
What is 1323131 (base 5) in base 13?
c1a3
Convert -24004 (base 6) to base 7.
-13042
What is 1221312 (base 4) in base 3?
100021220
-705 (base 8) to base 10
-453
What is -33403 (base 10) in base 5?
-2032103
What is 4631 (base 9) in base 15?
103a
Convert 2131 (base 11) to base 13.
1389
20447 (base 9) to base 3
200111121
What is 105 (base 16) in base 15?
126
-4e77 (base 15) to base 16
-417a
-31505 (base 6) to base 16
-10c1
Convert 242 (base 9) to base 15.
d5
-146 (base 14) to base 5
-2013
Convert 212 (base 12) to base 16.
12e
4000 (base 14) to base 3
120001112
What is 53 (base 7) in base 3?
1102
Convert -1100010 (base 2) to base 15.
-68
What is -14344 (base 8) in base 10?
-6372
What is 306300 (base 7) in base 11?
365a2
391 (base 10) to base 4
12013
What is -2278 (base 10) in base 7?
-6433
Convert 1044 (base 5) to base 16.
95
-2441 (base 7) to base 11
-759
Convert -231013 (base 4) to base 9.
-3857
Convert -211412 (base 5) to base 10.
-7107
-196bd (base 14) to base 3
-10021102020
Convert d10 (base 15) to base 14.
1100
What is -2326 (base 8) in base 7?
-3416
1332 (base 8) to base 4
23122
Convert -1a27 (base 12) to base 3.
-11101111
What is 1000010110 (base 2) in base 3?
201210
Convert -12c (base 13) to base 10.
-207
Convert 63d (base 14) to base 4.
103033
-45254 (base 8) to base 16
-4aac
2 (base 13) to base 16
2
What is 32321333 (base 4) in base 11?
41965
-111101000 (base 2) to base 9
-602
What is -1211201010 (base 3) in base 8?
-106615
Convert -3a86 (base 12) to base 6.
-51050
What is -1b8f (base 16) in base 4?
-1232033
Convert 4503 (base 8) to base 9.
3224
4d (base 14) to base 12
59
What is 4661 (base 9) in base 11?
2663
Convert -6df (base 16) to base 4.
-123133
Convert 158b (base 13) to base 5.
100112
What is fbb (base 16) in base 4?
332323
What is -2f76 (base 16) in base 4?
-2331312
What is 2333 (base 5) in base 14?
1a7
Convert -6 (base 16) to base 8.
-6
-375 (base 9) to base 14
-183
What is 263 (base 7) in base 14?
a3
What is -13153 (base 7) in base 14?
-13d3
16050 (base 7) to base 12
2726
-122121 (base 3) to base 4
-13123
Convert -400 (base 11) to base 5.
-3414
Convert -288a (base 12) to base 3.
-20110121
Convert 12002 (base 3) to base 6.
345
Convert -41b (base 15) to base 11.
-772
What is 21606 (base 7) in base 14?
1dad
110541 (base 7) to base 14
7158
What is 3352 (base 12) in base 2?
1011000101110
What is -1330 (base 13) in base 7?
-10666
What is -7d3 (base 15) in base 2?
-11011101101
What is -3151 (base 6) in base 16?
-2cb
What is 1237 (base 13) in base 16?
a15
What is b6d (base 16) in base 15?
d00
263260 (base 7) to base 16
c025
-3210 (base 4) to base 11
-198
Convert 6111 (base 12) to base 5.
314100
What is -5704 (base 9) in base 6?
-31304
Convert -2543 (base 8) to base 4.
-111203
What is 542 (base 8) in base 15?
189
What is 66630 (base 7) in base 10?
16779
Convert -21155 (base 10) to base 11.
-14992
What is -40641 (base 8) in base 6?
-205441
10365 (base 7) to base 2
101000100011
Convert 203533 (base 6) to base 5.
1011101
What is 261 (base 16) in base 6?
2453
What is -11004 (base 6) in base 16?
-5ec
Convert 100100001111 (base 2) to base 3.
10011220
-18bd (base 14) to base 4
-1011333
1378 (base 15) to base 12
24ab
Convert -11815 (base 11) to base 3.
-212021000
-378 (base 10) to base 12
-276
Convert -13a3 (base 11) to base 16.
-70f
Convert 1011111010111 (base 2) to base 11.
4649
Convert 213 (base 12) to base 14.
179
-31503 (base 8) to base 10
-13123
What is 10031 (base 12) in base 8?
50445
Convert -13151 (base 15) to base 7.
-342664
What is -1196 (base 13) in base 3?
-10102012
Convert -11060 (base 7) to base 8.
-5342
ca (base 14) to base 12
12a
337 (base 8) to base 11
193
-d17 (base 14) to base 2
-101000001001
291 (base 13) to base 3
121220
234253 (base 6) to base 7
113334
Convert -131556 (base 7) to base 9.
-36716
Convert 1144 (base 9) to base 10.
850
100110100100 (base 2) to base 6
15232
-11001 (base 2) to base 12
-21
Convert 3124 (base 5) to base 15.
1c9
What is 317 (base 10) in base 14?
189
What is -10021010 (base 3) in base 8?
-4513
What is -100011220 (base 3) in base 6?
-50553
-19063 (base 11) to base 3
-1100121111
What is -1214 (base 12) in base 9?
-2707
43705 (base 9) to base 16
714b
Convert 23322 (base 10) to base 3.
1011222210
What is -21108 (base 12) in base 8?
-124530
-202202011 (base 3) to base 10
-15124
What is 4015 (base 6) in base 3?
1012102
What is -1000110001001 (base 2) in base 12?
-2721
Convert 1101110000101 (base 2) to base 4.
1232011
What is -334d (base 14) in base 13?
-407a
What is -6476 (base 13) in base 3?
-201010212
-121 (base 14) to base 12
-169
What is 1442 (base 15) in base 7?
15434
What is 2033 (base 5) in base 8?
414
What is 5 (base 9) in base 4?
11
What is -20984 (base 10) in base 12?
-10188
Convert -44776 (base 10) to base 15.
-d401
What is 110321 (base 4) in base 16?
539
Convert -2312 (base 4) to base 6.
-502
10111101111 (base 2) to base 4
113233
What is 22a55 (base 11) in base 14?
c166
Convert -20323312 (base 4) to base 12.
-1921a
-328a (base 15) to base 5
-320310
10112 (base 11) to base 6
152223
10425 (base 6) to base 4
112301
1377 (base 14) to base 5
102222
What is 5528 (base 16) in base 3?
1002220102
What is 3334043 (base 5) in base 3?
2222110011
What is 2647 (base 16) in base 9?
14387
What is 3126 (base 10) in base 11?
2392
What is -2cf (base 16) in base 14?
-395
What is 131301 (base 5) in base 10?
5201
824 (base 9) to base 12
47a
-513045 (base 6) to base 13
-15797
47005 (base 8) to base 4
10320011
What is 14325 (base 6) in base 16?
8ed
What is -1f8 (base 16) in base 9?
-620
-9475 (base 16) to base 3
-1221010121
What is -112203 (base 4) in base 13?
-870
-c2b (base 15) to base 16
-ab5
Convert 30440 (base 5) to base 13.
ba6
Convert 771 (base 9) to base 4.
21313
Convert 1a25 (base 16) to base 5.
203233
What is -210222201 (base 3) in base 6?
-202114
Convert -221130 (base 4) to base 3.
-10122020
Convert 399 (base 12) to base 4.
20211
-10044000 (base 5) to base 9
-133248
5155 (base 7) to base 11
13a0
What is 137d (base 14) in base 10?
3443
22 (base 6) to base 11
13
130403 (base 5) to base 8
11757
Convert 3151 (base 8) to base 5.
23031
What is -23530 (base 6) in base 12?
-1ba6
7787 (base 11) to base 8
24023
-10101000011 (base 2) to base 15
-5ec
13 (base 16) to base 6
31
What is -74dc (base 15) in base 16?
-609c
-d03 (base 15) to base 2
-101101110000
-174 (base 11) to base 12
-14a
-1100111100000 (base 2) to base 16
-19e0
What is -2100012 (base 3) in base 8?
-3252
What is -44111 (base 6) in base 15?
-1c11
What is 4243 (base 5) in base 3?
210020
Convert 10c8 (base 13) to base 4.
210321
7e39 (base 16) to base 15
9893
112021211 (base 3) to base 12
6041
131540 (base 6) to base 15
38a9
Convert -58a6 (base 12) to base 14.
-3886
1110 (base 12) to base 16
75c
-6542 (base 15) to base 7
-116333
What is 21121 (base 6) in base 10?
2857
Convert -c05 (base 16) to base 6.
-22125
What is -3143 (base 5) in base 10?
-423
What is 11110100111000 (base 2) in base 4?
3310320
-442130 (base 5) to base 6
-154442
What is 3137a (base 13) in base 14?
24368
Convert -1101210 (base 4) to base 9.
-7140
Convert 231301 (base 4) to base 11.
2223
What is -299 (base 14) in base 7?
-1352
1095 (base 12) to base 15
82b
Convert b66 (base 12) to ba